ite number?
False
Is 277805699 a prime number?
True
Is 13181626267 composite?
True
Is 2396393813 a composite number?
True
Is 694273037 prime?
False
Is 154932077 prime?
True
Is 3218088259 a composite number?
False
Is 1522798741 a prime number?
False
Is 644598043 prime?
False
Is 277125841 composite?
True
Is 1219037431 prime?
True
Is 56758553 composite?
False
Is 1244403011 a prime number?
True
Is 149528723 a prime number?
True
Is 433360477 prime?
False
Is 19206080818 composite?
True
Is 129775495 a composite number?
True
Is 34983251 a prime number?
False
Is 77921319451 prime?
True
Is 15040464289 a prime number?
False
Is 13220991389 a composite number?
False
Is 4438307771 prime?
True
Is 2170296021 composite?
True
Is 716643391 a composite number?
False
Is 174166817 composite?
True
Is 297081839 a prime number?
False
Is 15065958619 prime?
False
Is 124202955139 a composite number?
False
Is 664713079 a prime number?
True
Is 368273239 prime?
True
Is 1175795009 a composite number?
False
Is 530471153 prime?
True
Is 1619666113 prime?
False
Is 26263092329 a composite number?
False
Is 30916023209 composite?
False
Is 82649387 composite?
False
Is 12176176229 a composite number?
True
Is 188535107 a prime number?
False
Is 16154897633 a prime number?
False
Is 15449404007 composite?
True
Is 178689773 a prime number?
False
Is 7299641219 a composite number?
True
Is 661792037 a composite number?
False
Is 12468246013 composite?
False
Is 96878237 a prime number?
False
Is 1424865391 composite?
True
Is 7232628307 composite?
False
Is 3021260449 a composite number?
False
Is 2396736113 composite?
False
Is 6664694357 a prime number?
False
Is 296912111 prime?
True
Is 492042087077 prime?
False
Is 38185921037 a composite number?
True
Is 44161014451 a composite number?
False
Is 2286260459 composite?
True
Is 2674566183 a prime number?
False
Is 6314697839 prime?
True
Is 106085785777 prime?
True
Is 67755806381 a composite number?
True
Is 7809777439 composite?
False
Is 1049475223 a prime number?
True
Is 1442175545 prime?
False
Is 538054291 prime?
False
Is 2911649549 composite?
True
Is 860154047 composite?
True
Is 425145481489 composite?
False
Is 10839375473 composite?
True
Is 223186511 a prime number?
False
Is 7016351497 prime?
True
Is 1281403897 prime?
True
Is 2515444313 prime?
True
Is 667725785 prime?
False
Is 3925235117 a prime number?
True
Is 5612789993 a composite number?
True
Is 2213857565 prime?
False
Is 3191873017 composite?
False
Is 225328996097 prime?
False
Is 3070378249 composite?
False
Is 480448433 a prime number?
False
Is 7517454277 a composite number?
False
Is 384522023 composite?
False
Is 1161973493 prime?
False
Is 13737060709 prime?
True
Is 8929543121 prime?
False
Is 538401912353 a prime number?
True
Is 17520983443 composite?
False
Is 199375147 a prime number?
True
Is 4134472229 prime?
True
Is 22832486609 a prime number?
True
Is 448344541 prime?
False
Is 16385041301 composite?
False
Is 8170679683 a prime number?
True
Is 848222027 composite?
False
Is 9466572299 a composite number?
False
Is 3580421081 prime?
True
Is 303684845383 a composite number?
True
Is 1066189079 a composite number?
True
Is 2258868679 a composite number?
True
Is 17610296089 prime?
False
Is 9205853903 a prime number?
False
Is 2710279861 composite?
False
Is 2405361811 prime?
False
Is 18718559 a prime number?
False
Is 34820133497 a prime number?
False
Is 1854304813 a composite number?
True
Is 16917352037 a prime number?
False
Is 104615461 a composite number?
False
Is 107292883 a composite number?
True
Is 3917481317 a prime number?
False
Is 2635821431 a composite number?
False
Is 8919205 a prime number?
False
Is 6876977 composite?
True
Is 511998623 a composite number?
False
Is 162206123 composite?
False
Is 21040605701 composite?
False
Is 101038319 prime?
True
Is 20683433183 a composite number?
True
Is 3642434273 composite?
True
Is 174509833339 composite?
False
Is 407869723 prime?
False
Is 2336486363 prime?
False
Is 845204363 prime?
True
Is 723848119 prime?
False
Is 83472425563 a composite number?
False
Is 9141374917 a composite number?
False
Is 793701889 composite?
False
Is 32702898017 a composite number?
False
Is 3787241977 a composite number?
True
Is 323375813 prime?
False
Is 231883 a composite number?
True
Is 5640274169 composite?
False
Is 2508482 composite?
True
Is 423130417 a composite number?
False
Is 585207707 a composite number?
True
Is 1294695383 a prime number?
True
Is 1774584467 a prime number?
True
Is 282641497 composite?
False
Is 3391916111 prime?
True
Is 297889409 a prime number?
False
Is 120457098371 a composite number?
True
Is 1812046517 a prime number?
True
Is 6940237663 a prime number?
True
Is 10328421023 a composite number?
False
Is 12798062309 a composite number?
False
Is 40000073107 composite?
False
Is 10506447701 a prime number?
False
Is 2244187129 a prime number?
True
Is 44993813989 a composite number?
True
Is 16296544091 composite?
False
Is 126838211485 a prime number?
False
Is 614320537 prime?
True
Is 56262232631 a prime number?
False
Is 301962901 a prime number?
True
Is 1020344074 a composite number?
True
Is 11499469327 a composite number?
False
Is 39938341 a prime number?
False
Is 1218530631 composite?
True
Is 58938946889 prime?
True
Is 7486734755 composite?
True
Is 1637523421 prime?
False
Is 1077199559 a prime number?
False
Is 320305483 a prime number?
False
Is 60932587337 composite?
False
Is 43817349767 a prime number?
True
Is 46227067 a composite number?
False
Is 869197961 composite?
True
Is 352509551 prime?
True
Is 2257742011 a prime number?
False
Is 551095859 a prime number?
True
Is 1369295251 a prime number?
False
Is 19675277729 composite?
True
Is 1817820757 composite?
False
Is 11472699317 composite?
True
Is 5391198521 a prime number?
True
Is 7186231769 a composite number?
False
Is 288229127 composite?
False
Is 256346003 a composite number?
False
Is 168031433 a prime number?
True
Is 265906031 prime?
True
Is 19270487557 a prime number?
True
Is 17017405837 a composite number?
True
Is 31929709219 a prime number?
False
Is 28259282747 a prime number?
False
Is 4162068539 prime?
True
Is 1244343073 a composite number?
True
Is 101917488247 prime?
False
Is 629326039 composite?
False
Is 17620099897 a prime number?
True
Is 4099518053 prime?
False
Is 1159777529 prime?
True
Is 5850237535 a prime number?
False
Is 38199962357 prime?
False
Is 28245274363 composite?
False
Is 814154777 composite?
False
Is 1194393777 a composite number?
True
Is 4547413819 prime?
False
Is 5196644603 a prime number?
True
Is 122915793619 a prime number?
True
Is 2165365013 prime?
False
Is 11369799043 a prime number?
False
Is 41649125069 composite?
False
Is 3020201267 composite?
False
Is 174135635 prime?
False
Is 170294557 a composite number?
False
Is 1599132889 prime?
True
Is 1102730117 a prime number?
True
Is 5793300501 composite?
True
Is 27723986 a composite number?
True
Is 934397795 a prime number?
False
Is 27921126811 a prime number?
False
Is 22300038829 a composite number?
False
Is 629091233 a prime number?
False
Is 4576083311 a prime number?
True
Is 46534581311 composite?
False
Is 5542331599 prime?
False
Is 7474527131 composite?
True
Is 259632137 a prime number?
False
Is 16031764961 a prime number?
True
Is 18635382151 a prime number?
True
Is 5030610701 composite?
True
Is 46192673947 a prime number?
False
Is 9385447163 a composite number?
True
Is 492205559 prime?
True
Is 4108797853 a composite number?
True
Is 415198211 prime?
True
Is 197514836891 a composite number?
False
Is 979830307 prime?
False
Is 1321706509 a composite number?
False
Is 1002118379 prime?
False
Is 235502621 a composite number?
False
Is 17067794873 a prime number?
True
Is 12406137143 composite?
False
Is 1791556059 prime?
False
Is 51482181079 composite?
True
Is 39009797 a prime number?
False
Is 5600527619 prime?
True
Is 24580155877 a composite number?
True
Is 981963343 prime?
True
Is 4188837805 a composite number?
True
Is 398068961 a prime number?
True
Is 13281890861 composite?
False
Is 4115691757 composite?
False
Is 32306817919 composite?
False
Is 61659106729 a composite number?
True
Is 13248666643 composite?
True
Is 64398966929 a prime number?
False
Is 13888406767 a composite number?
True
Is 26027109599 prime?
False
Is 3888940469 a 